rue
Suppose -g + 2*g - 4 = 0. Suppose g*y - 4*l = 296, 0 = 4*l - 9*l. Is y prime?
False
Let y = -1991 + 6160. Is y composite?
True
Let a(v) = -740*v**3 + v. Is a(-1) a prime number?
True
Let q = 86 - 247. Is 2*(0 - q/2) a prime number?
False
Let u be 112/35*30/(-4). Let l = 49 + u. Is l composite?
True
Is 66/(-2)*60/(-36) prime?
False
Let g(l) = 8*l**3 + 5*l**2 + 5*l - 5. Is g(3) prime?
True
Let n(p) = p**3 + 11*p**2 + 8*p + 7. Let s be n(-5). Let y = -64 + s. Is y composite?
False
Let i(a) = 30*a - 1. Let b be 16/(-10)*50/(-20). Is i(b) composite?
True
Let k = -204 + 425. Is k a prime number?
False
Let b be ((-2)/(-4))/(12/264). Let a(g) be the first derivative of g**3/3 - 11*g**2/2 + 11*g - 1. Is a(b) a prime number?
True
Let q be (11 + 1)*1/3. Let m = -74 - -129. Suppose -q*t + m = -3*t. Is t a composite number?
True
Let s = 4740 + -3211. Suppose -4*m + 5*w = -4647, -7331 = -5*m + 4*w - s. Suppose -3*i + 5*i - m = 4*x, 2*i + 4*x - 1190 = 0. Is i prime?
True
Suppose -4*y - 2 + 14 = 0. Suppose u = -2*n + 37 + 26, -4*u - y*n + 227 = 0. Is u a composite number?
False
Let y(t) = 2*t**2 + 8*t + 7. Is y(-14) a composite number?
True
Suppose -6*u + 3427 = -647. Is u a prime number?
False
Let c(i) = -20*i + 1. Let t be c(-1). Suppose d + t = 60. Is d a prime number?
False
Let p = 1 + 2. Suppose 0 = 4*m + 2*t - 174, 2*t + 84 = -m + p*m. Is m composite?
False
Let o = 8 + -3. Suppose 4*x = u - 7, -4*u + 2*u + 8 = -o*x. Is (x - (-1 + -2))*35 prime?
False
Let r = 152 + -73. Is r composite?
False
Let d(g) = -64*g + 47*g + 2*g**2 + 5 + 0*g**2. Is d(12) composite?
False
Let q = -4 - -8. Suppose q*h + 2*v = 14, -3*v - 2*v + 23 = 4*h. Suppose -93 = -5*d + h*d. Is d a prime number?
True
Let f(y) = y**3 - 3*y**2 - 3*y + 2. Let b be f(4). Let r = b - -40. Is r a prime number?
False
Let m(p) = -49*p**2 - 2*p + 1. Let i(b) = -50*b**2 - 2*b + 1. Let z(j) = -5*i(j) + 4*m(j). Is z(1) a prime number?
False
Suppose 2*f - 9 - 11 = 0. Let p(g) = g**2 - 2*g - 11. Is p(f) prime?
False
Suppose -n - 85 = -5*a + 4*n, 3*a - 37 = -4*n. Is a composite?
True
Suppose -3*q = -0*q + 12. Let p(m) = -7*m - 4*m**2 - m**3 + 2*m**2 + 5 + 11*m. Is p(q) prime?
False
Let f = 2432 + -1567. Is f a prime number?
False
Let r(w) = 13*w**2 - 1. Let d be r(1). Let f = 31 - d. Is f composite?
False
Let w(u) = u + 882. Let j be w(0). Suppose b - j = -2*b. Let z = b + -161. Is z composite?
True
Let f be (-1)/(2 - 22/10). Let x be 7 + f/((-15)/6). Suppose -x*y - m + 63 = -47, 0 = y - 2*m - 22. Is y prime?
False
Let n = 280 + 163. Is n a prime number?
True
Let o(b) = 9*b**3 + b**2 + 5*b - 8. Let d be o(4). Suppose -d = -2*k - 74. Is k composite?
True
Let a(l) = -9*l + 6. Let x be a(6). Let r = x + 85. Is r a composite number?
False
Let h = -392 + 184. Let r = 3 - h. Is r a prime number?
True
Suppose 2 - 6 = -g. Suppose -204 = -g*k + w, 0 = 2*k - w - 2*w - 102. Is k composite?
True
Let s(r) = r**2 + 3*r - 1. Suppose 0 = 3*j + 3*a - 63, j + 7*a - 3*a = 30. Suppose -6 = -4*v + j. Is s(v) a prime number?
True
Suppose 3*w - 7*w + 40 = 0. Let q be ((-88)/w)/(2/10). Is q*((-39)/12 - -2) prime?
False
Let j = 444 - -55. Is j a prime number?
True
Suppose -3082 = -5*a + 4*k + 893, a + 5*k - 824 = 0. Is a a composite number?
True
Suppose 2454 = -5*w + 3*j + 11849, 4*j - 1902 = -w. Is w a prime number?
False
Suppose -2*q + 2*r - 20 = -4*q, 5*q - r - 56 = 0. Suppose -3*d - q = -h, -2*d = -h + 3*h - 6. Is (3*2 + -1)*h a composite number?
True
Suppose 0 = -4*j + 5*u + 2096 - 537, u = 1. Is j a prime number?
False
Let y(c) = -c**2 + 12*c + 2. Is y(7) composite?
False
Let j = -952 + 1961. Is j a composite number?
False
Let i(z) = z**2 + 10*z - 4. Let n(f) = -f + 1. Let t(k) = i(k) + 5*n(k). Is t(-9) prime?
True
Suppose 2*u + 339 = 5*u. Suppose s = u - 32. Suppose 4*d + 21 = s. Is d a prime number?
False
Let w(n) = -3*n - 3*n + 4*n + 7 + 8*n**2. Is w(4) composite?
False
Let a(o) = o**2 - 9*o - 5. Let s be a(10). Suppose 2*v + s*g - 247 = -v, -v + 4*g + 71 = 0. Is v prime?
True
Let b = -5 + 3. Let w be b*(-2)/8*2. Is 30 + (1/w)/1 composite?
False
Let g(w) = w**3 - 6*w**2 + 3*w - 7. Let i(a) = a**3 - 6*a**2 + 7*a - 2. Let l be i(5). Is g(l) a prime number?
False
Let b be ((-9)/6 + 1)*-10. Suppose 26 = 3*x + n, -x + 3*n - 1 = -3. Suppose -963 = -b*i - x. Is i prime?
True
Suppose 3*c = h + 1409, 5*h + 1913 + 442 = 5*c. Is c a composite number?
True
Let a(s) = 5*s**2 - 4*s - 6. Let z be a(-4). Let t be (-2740)/(-50) + (-2)/(-10). Suppose -4*q - t = -3*y, -q - q - z = -4*y. Is y prime?
False
Let y(u) = -u**3 + 5*u**2 - 2*u + 4. Let v be y(4). Suppose 0 = 3*c - x + 11, -v = -3*c - 4*x - 43. Let r(f) = f**3 + 5*f**2 - 2*f - 6. Is r(c) a prime number?
False
Let y(r) = 19*r + 2. Is y(5) prime?
True
Suppose 3*z - 20 = 7*z, -5*z = -3*w + 427. Suppose 5*d = 1389 - w. Is d a prime number?
True
Suppose -389 = -5*v - 4*d, 3*d + 303 = 4*v - 2*d. Is v a prime number?
False
Let l = -2 + 2. Suppose -2*t + 164 = 2*g, g = 4*g - 2*t - 221. Let n = l + g. Is n composite?
True
Let x = 598 - 87. Let f = x - 138. Is f composite?
False
Let s = 8 - 3. Suppose -3*p - 12 = 0, -205 = -5*n - 0*p + s*p. Is n a prime number?
True
Suppose 0 = -4*r - 4*d + 328, 61 = r - 3*d - 37. Suppose 3*h - 55 = r. Is h a prime number?
True
Let q = -29 - -47. Suppose 2*a + a = -q. Is 2/3 + (-38)/a prime?
True
Suppose 2*d - 4124 = 4262. Is d a prime number?
False
Let u = 406 - 263. Is u prime?
False
Let f = 342 + -119. Is f a composite number?
False
Suppose -2*q - 4*t + t = -2, 0 = 4*q + 2*t + 4. Let n be (327/6)/(q/(-4)). Suppose -2*z + f = -139, n = 2*z + 6*f - f. Is z a composite number?
False
Suppose 0 = x - 3, 3*z + 3*x - 239 = 241. Is z a composite number?
False
Suppose i - 141 = -2*i. Suppose -4*t = -5*t + i. Suppose 97 = 2*u - 3*f, -3*f + 15 = u - t. Is u a prime number?
True
Suppose d + 3 - 8 = 0. Suppose 10 + 0 = d*v. Suppose -489 = -z - v*z. Is z prime?
True
Suppose 4*o - 11481 = 3*i + 4274, -2*o + 5*i + 7867 = 0. Is o a composite number?
True
Let u(z) be the second derivative of -z**4/12 - 5*z**3/3 - 5*z**2 - 3*z. Let q be u(-9). Is 1/2*(-106)/q a composite number?
False
Is (-1847)/((-8)/12 - 3/9) a prime number?
True
Suppose h - 216 = -0*h. Is (h - 4) + (-1)/1 a composite number?
False
Let i be 2/(-4) + (-844)/8. Let n = -75 - i. Is n a prime number?
True
Let q(b) be the third derivative of b**6/120 + 3*b**5/20 - b**4/6 - 5*b**3/6 + 6*b**2. Is q(-9) prime?
True
Let w(c) = 3*c - 7. Let k be w(10). Let a = k - 4. Is a a prime number?
True
Suppose -2*x - 4 = -3*x, 5*c + 3*x - 82 = 0. Suppose c = 4*t + 4*l - 2*l, -3*t + 15 = -3*l. Is 195/t + (-1)/(-4) a composite number?
True
Suppose 0*d - 3*x - 22 = 4*d, 2*d - 5*x = -24. Let z = -41 + 53. Let r = z - d. Is r a composite number?
False
Let d(b) = -2*b + 1. Let j be d(-2). Suppose 4*t - 1 = -5*c + 129, 0 = j*t. Is 1*c/1 - 0 a composite number?
True
Let t = 8 - 5. Suppose 2*s + 4*g - 22 = 0, t*g = 2*g - 1. Is s prime?
True
Suppose 0 = -5*v, 7*t - 4*v = 4*t + 471. Is t a prime number?
True
Let b = -10 - -8. Is (-796)/b - (5 + -2) a composite number?
True
Suppose -245 = c - 6*c + 5*x, -3*c + 4*x = -145. Is c composite?
True
Let c(w) = -w**3 + 3*w**2 + 2*w - 2. Let v be c(3). Suppose i - 2*i = -5*l + 173, v*i = 8. Is l prime?
False
Suppose 53*r - 54*r + 1751 = 0. Is r prime?
False
Let t(n) = n**3 - 5*n**2 + 6*n - 3. Let q(m) = 4*m**3 - 14*m**2 + 18*m - 8. Let g(d) = 2*q(d) - 7*t(d). Let y be (2/2)/(3/(-21)). Is g(y) prime?
True
Let q(v) = -v**3 + 17*v**2 - 7*v - 1. Is q(12) composite?
True
Suppose 24 = 4*t - 212. Is t composite?
False
Let c = 898 + -411. Is c a composite number?
False
Let j be (-3 - -5)/(2/2). Suppose 2*t = j*n + 454, -4*t - 5*n = 44 - 916. Is t a prime number?
True
Suppose 3*f - 2*l - 264 = 0, 0 = 5*f - 4*f + 5*l - 88. Let p = -51 + f. Is p a composite number?
False
Let j(h) = -14*h - 3. Is j(-4) prime?
True
Suppose 0 = 3*o - 278 - 52. Suppose 0 = 10*r - 12*r + o. Is r a composite number?
True
Let a = -4 - -6. Let i be (a - (0 - -2))/(-2). Suppose i = 5*r - j + 6*j - 55, 4*r = 5*j + 80. Is r a prime number?
False
Suppose -5*o - 4*x = -658, -405 = -6*o + 3*o + x. Suppose -4*z + 254 = -o. Is z prime?
True
Let j(t) = 39*t**2 + 10*t - 12. Is j(-5) a prime number?
False
Let p(g) = -3*g**3 - 50*g**2 + 